test common factor of 441 and 63.
63
Calculate the highest common divisor of 206 and 10.
2
What is the greatest common divisor of 66 and 1078?
22
Calculate the highest common divisor of 37 and 407.
37
Calculate the greatest common divisor of 1204 and 129.
43
Calculate the highest common divisor of 42 and 2562.
42
Calculate the highest common factor of 48 and 162.
6
What is the greatest common divisor of 38 and 346?
2
Calculate the greatest common factor of 1672 and 16.
8
Calculate the highest common divisor of 73 and 4672.
73
What is the highest common divisor of 184 and 64?
8
What is the greatest common divisor of 60 and 9060?
60
Calculate the greatest common divisor of 946 and 22.
22
What is the greatest common divisor of 157 and 35639?
157
Calculate the highest common divisor of 12 and 348.
12
What is the greatest common divisor of 2610 and 90?
90
What is the highest common divisor of 3804 and 60?
12
Calculate the highest common factor of 621 and 2322.
27
Calculate the highest common factor of 252 and 6636.
84
What is the highest common factor of 9 and 4905?
9
Calculate the highest common divisor of 1224 and 17.
17
What is the highest common factor of 276 and 296?
4
What is the highest common factor of 2548 and 273?
91
What is the highest common factor of 323 and 76?
19
Calculate the highest common divisor of 18 and 9.
9
Calculate the highest common divisor of 27625 and 13.
13
What is the highest common factor of 4626 and 63?
9
Calculate the greatest common factor of 12 and 30.
6
Calculate the greatest common divisor of 130 and 30.
10
Calculate the greatest common factor of 966 and 138.
138
Calculate the greatest common divisor of 231 and 165.
33
Calculate the greatest common factor of 22902 and 44.
22
Calculate the highest common divisor of 5 and 5.
5
What is the highest common divisor of 4393 and 23?
23
What is the greatest common divisor of 20 and 12?
4
Calculate the greatest common factor of 276 and 156.
12
Calculate the greatest common divisor of 2871 and 493.
29
What is the highest common divisor of 804 and 60?
12
What is the highest common factor of 60 and 450?
30
What is the highest common divisor of 4207 and 28?
7
What is the highest common factor of 29 and 1?
1
What is the highest common factor of 750 and 30?
30
Calculate the highest common divisor of 5 and 245.
5
Calculate the highest common divisor of 66165 and 165.
165
Calculate the greatest common factor of 22 and 9889.
11
What is the greatest common factor of 338 and 221?
13
Calculate the greatest common factor of 39 and 221.
13
Calculate the highest common factor of 20 and 440.
20
Calculate the highest common divisor of 43754 and 167.
167
Calculate the highest common factor of 24 and 84.
12
Calculate the highest common factor of 92 and 782.
46
Calculate the greatest common divisor of 8256 and 301.
43
Calculate the greatest common divisor of 4 and 2058.
2
Calculate the greatest common factor of 57 and 95.
19
Calculate the greatest common divisor of 216 and 27.
27
Calculate the highest common divisor of 1687 and 2.
1
Calculate the highest common factor of 213 and 284.
71
What is the highest common divisor of 105 and 60?
15
Calculate the highest common factor of 168 and 132.
12
What is the greatest common factor of 9 and 22527?
9
What is the greatest common divisor of 119 and 21?
7
What is the greatest common factor of 42 and 294?
42
Calculate the greatest common factor of 1740 and 60.
60
Calculate the greatest common factor of 534 and 48.
6
Calculate the greatest common divisor of 34 and 102.
34
Calculate the greatest common divisor of 114 and 456.
114
What is the highest common divisor of 73 and 1971?
73
Calculate the greatest common divisor of 9454 and 1467.
163
What is the highest common factor of 7567 and 69?
23
Calculate the greatest common divisor of 26 and 468.
26
Calculate the greatest common divisor of 8 and 1384.
8
Calculate the highest common factor of 792 and 162.
18
What is the greatest common divisor of 23 and 391?
23
Calculate the greatest common divisor of 5451 and 46.
23
Calculate the highest common divisor of 1089 and 171.
9
What is the highest common divisor of 1819 and 642?
107
Calculate the highest common factor of 171 and 90.
9
Calculate the greatest common factor of 44 and 121.
11
What is the highest common divisor of 247 and 19?
19
What is the greatest common factor of 560 and 77?
7
What is the highest common factor of 138 and 1150?
46
What is the highest common factor of 12 and 52?
4
Calculate the greatest common factor of 42 and 147.
21
Calculate the highest common divisor of 15946 and 268.
134
Calculate the greatest common factor of 16 and 872.
8
What is the greatest common factor of 121 and 55?
11
What is the greatest common divisor of 56 and 64?
8
What is the highest common divisor of 130 and 507?
13
Calculate the highest common factor of 54 and 102.
6
What is the greatest common factor of 2052 and 108?
108
Calculate the highest common factor of 629 and 357.
17
Calculate the greatest common factor of 108 and 558.
18
Calculate the highest common divisor of 108 and 36.
36
Calculate the highest common factor of 11 and 8657.
11
What is the highest common divisor of 2652 and 252?
12
Calculate the greatest common factor of 30 and 48.
6
Calculate the greatest common factor of 3 and 129.
3
Calculate the greatest common factor of 3795 and 1610.
115
What is the highest common factor of 1630 and 10?
10
What is the highest common factor of 12 and 6?
6
What is the greatest common factor of 266 and 1995?
133
What is the highest common divisor of 112 and 1512?
56
Calculate the greatest common factor of 172 and 774.
86
Calculate the greatest common divisor of 406 and 98.
14
What is the highest common factor of 13026 and 13?
13
Calculate the highest common divisor of 58 and 16.
2
What is the greatest common factor of 1316 and 28?
28
What is the highest common factor of 102 and 969?
51
Calculate the greatest common factor of 122 and 28.
2
What is the highest common factor of 25029 and 309?
309
Calculate the greatest common factor of 19 and 361.
19
What is the highest common factor of 94 and 2867?
47
Calculate the highest common divisor of 4994 and 176.
22
What is the highest common divisor of 284 and 639?
71
What is the greatest common factor of 50 and 10?
10
What is the highest common factor of 16 and 184?
8
Calculate the greatest common divisor of 47850 and 50.
50
What is the highest common divisor of 119 and 85?
17
What is the greatest common divisor of 57 and 38?
19
What is the highest common divisor of 34 and 12?
2
Calculate the highest common factor of 3969 and 81.
81
Calculate the greatest common divisor of 33 and 6501.
33
Calculate the greatest common divisor of 2275 and 637.
91
What is the greatest common factor of 344 and 24?
8
Calculate the greatest common factor of 76 and 1558.
38
Calculate the highest common divisor of 50 and 6925.
25
Calculate the greatest common divisor of 125 and 25.
25
Calculate the greatest common factor of 124 and 4.
4
Calculate the greatest common factor of 1265 and 2.
1
Calculate the greatest common divisor of 53 and 89.
1
Calculate the highest common factor of 68 and 2125.
17
What is the greatest common divisor of 1477 and 7?
7
Calculate the greatest common divisor of 6799 and 13.
13
Calculate the highest common factor of 57 and 7125.
57
What is the greatest common factor of 11 and 649?
11
Calculate the highest common divisor of 4 and 108.
4
What is the greatest common divisor of 22 and 1166?
22
Calculate the greatest common divisor of 11834 and 194.
194
What is the highest common factor of 12 and 3064?
4
Calculate the greatest common divisor of 1088 and 1258.
34
What is the highest common factor of 22 and 627?
11
Calculate the highest common divisor of 115 and 1955.
115
What is the greatest common divisor of 34 and 2?
2
Calculate the highest common divisor of 6810 and 270.
30
Calculate the greatest common divisor of 12 and 18.
6
What is the highest common factor of 3 and 51?
3
Calculate the highest common divisor of 14 and 16.
2
Calculate the greatest common factor of 4233 and 166.
83
Calculate the highest common factor of 32 and 568.
8
Calculate the greatest common divisor of 45513 and 351.
117
What is the greatest commo